{"id":21,"date":"2025-12-26T12:30:39","date_gmt":"2025-12-26T11:30:39","guid":{"rendered":"http:\/\/astudio.at\/?page_id=21"},"modified":"2026-01-03T00:29:37","modified_gmt":"2026-01-02T23:29:37","slug":"tanzen","status":"publish","type":"page","link":"http:\/\/astudio.at\/index.php\/tanzen\/","title":{"rendered":"Warum Tanz es verdient, angehalten zu werden"},"content":{"rendered":"\n<p>Tanz existiert in der Bewegung.<br>Er lebt nur f\u00fcr den Bruchteil einer Sekunde \u2013 im Sprung, in der Drehung, im Atem zwischen zwei Schritten. Im n\u00e4chsten Moment ist dieser Augenblick bereits vergangen.<br>Die Fotografie erlaubt es, ihn festzuhalten und das zu sehen, was dem Blick sonst entgleitet.<\/p>\n\n\n\n<p>Ein Bild zeigt nicht nur die Form des K\u00f6rpers, sondern auch den inneren Zustand der T\u00e4nzerin oder des T\u00e4nzers: die Spannung der Muskeln, die Konzentration, die Freiheit, die Emotion.<br>Wo das Publikum nur Bewegung wahrnimmt, erkennt der Fotograf den Punkt des Gleichgewichts \u2013 den Moment, in dem Technik, Charakter und Gef\u00fchl zusammenfinden.<\/p>\n\n\n\n<p>Tanzfotografie ist ein Dialog mit der Zeit.<br>Sie bewahrt Rhythmus, Energie und Bedeutung des Tanzes und verwandelt einen fl\u00fcchtigen Augenblick in ein Bild, das immer wieder neu erlebt werden kann. Jede Aufnahme wird zu einer Geschichte \u2013 von St\u00e4rke und Zerbrechlichkeit, Disziplin und Inspiration.<\/p>\n\n\n\n<p>Ich fotografiere Tanz nicht wegen der Pose.<br>Ich suche jenen einen Moment, in dem Bewegung lauter spricht als Worte.<\/p>\n\n\n\n<p><\/p>\n","protected":false},"excerpt":{"rendered":"<p>Tanz existiert in der Bewegung.Er lebt nur f\u00fcr den Bruchteil einer Sekunde \u2013 im Sprung, in der Drehung, im Atem zwischen zwei Schritten. Im n\u00e4chsten Moment ist dieser Augenblick bereits vergangen.Die Fotografie erlaubt es, ihn festzuhalten und das zu sehen, was dem Blick sonst entgleitet. Ein Bild zeigt nicht nur die Form des K\u00f6rpers, sondern &hellip; <\/p>\n<p class=\"link-more\"><a href=\"http:\/\/astudio.at\/index.php\/tanzen\/\" class=\"more-link\">\u0427\u0438\u0442\u0430\u0442\u044c \u0434\u0430\u043b\u0435\u0435<span class=\"screen-reader-text\"> \u00abWarum Tanz es verdient, angehalten zu werden\u00bb<\/span><\/a><\/p>\n","protected":false},"author":1,"featured_media":47,"parent":0,"menu_order":0,"comment_status":"closed","ping_status":"closed","template":"","meta":{"footnotes":""},"class_list":["post-21","page","type-page","status-publish","has-post-thumbnail","hentry"],"_links":{"self":[{"href":"http:\/\/astudio.at\/index.php\/wp-json\/wp\/v2\/pages\/21","targetHints":{"allow":["GET"]}}],"collection":[{"href":"http:\/\/astudio.at\/index.php\/wp-json\/wp\/v2\/pages"}],"about":[{"href":"http:\/\/astudio.at\/index.php\/wp-json\/wp\/v2\/types\/page"}],"author":[{"embeddable":true,"href":"http:\/\/astudio.at\/index.php\/wp-json\/wp\/v2\/users\/1"}],"replies":[{"embeddable":true,"href":"http:\/\/astudio.at\/index.php\/wp-json\/wp\/v2\/comments?post=21"}],"version-history":[{"count":4,"href":"http:\/\/astudio.at\/index.php\/wp-json\/wp\/v2\/pages\/21\/revisions"}],"predecessor-version":[{"id":55,"href":"http:\/\/astudio.at\/index.php\/wp-json\/wp\/v2\/pages\/21\/revisions\/55"}],"wp:featuredmedia":[{"embeddable":true,"href":"http:\/\/astudio.at\/index.php\/wp-json\/wp\/v2\/media\/47"}],"wp:attachment":[{"href":"http:\/\/astudio.at\/index.php\/wp-json\/wp\/v2\/media?parent=21"}],"curies":[{"name":"wp","href":"https:\/\/api.w.org\/{rel}","templated":true}]}}